it of n?
5
Let f be (8/(-10))/(8/(-100)). Let d(t) = t + 13. What is the tens digit of d(f)?
2
Let h(x) = x - 2. What is the units digit of h(9)?
7
Suppose 0*w + w - 5 = 0. Suppose -14 = -w*i + 36. What is the tens digit of i?
1
Let f(u) = 2*u**3 + u. Let x be f(1). Suppose 3*d + 32 = 2*v + 6*d, 0 = -v - x*d + 22. What is the tens digit of v?
1
Let g(n) = 7*n**3 - 2*n**2 + 1. Let t be g(1). Let b be (4 - t/2)*11. Let y(c) = c**2 - 10*c - 1. What is the units digit of y(b)?
0
Suppose 8 = 2*s - 6. Let v(r) = r**2 + s*r - 2 - 3 + 0*r**2. What is the units digit of v(-8)?
3
Suppose 12 = -j - 0. Let k = j - -20. What is the units digit of k?
8
Suppose 0*b - 18 = -3*b. Suppose 2*x + 4*d = -8, -2*x + 5*d = b*d + 17. Let z = 19 + x. What is the units digit of z?
9
Suppose -4*o + 8 + 6 = 2*x, -4*o = -3*x + 1. Suppose 2*k + 6 = -4*c, 5*c + x*k = -5 - 1. Let z = c - -6. What is the units digit of z?
3
Let m be ((-6)/(-4))/((-6)/(-32)). Let b(y) = y**3 - 8*y**2 + 9. What is the units digit of b(m)?
9
Let a(n) = -n**3 - 7*n**2 - 9*n - 4. What is the tens digit of a(-6)?
1
Suppose 3*u - 3*l = 240, -u - 2*u = 5*l - 248. What is the tens digit of u?
8
Suppose -40*o + 185 = -39*o. What is the tens digit of o?
8
Suppose 0*z - 2*z + 2 = 0. Let x be 0 + -4*z + 2. What is the units digit of x - (-2)/1 - -1?
1
Let l(i) = 26*i - 23. What is the units digit of l(10)?
7
Let j(i) = 8*i**3. What is the units digit of j(1)?
8
Let a(f) = -16*f + 16. Let k(d) be the third derivative of 5*d**4/24 - 5*d**3/6 - 2*d**2. Let t(u) = 3*a(u) + 10*k(u). What is the units digit of t(4)?
6
Let r(z) = 5*z**2 + 4*z. Let b be r(-3). Suppose 12 = -3*f + b. Suppose -f*o = -2*o - 30. What is the units digit of o?
6
Suppose 0 = -5*a - 3*z + 136, 2*a + 3*z = z + 56. What is the units digit of a?
6
Suppose -4*p = -l - p + 12, -3*l + 5*p + 24 = 0. Suppose -4*r + l*r = -10. What is the units digit of r?
0
Let c = 8 + 0. Let k = 16 - c. What is the units digit of k?
8
Let k(x) = -x + 127. What is the units digit of k(0)?
7
Let u(h) = h**3 - h**2 - 1. Let t be u(2). Suppose v = t*v + 3*n, 5*v + 2*n = 11. What is the units digit of ((-2)/v)/((-2)/21)?
7
Let i(n) = -n**3 - 9*n + 12. What is the units digit of i(-6)?
2
Let y be -1 + 2 + 3 + -1. Suppose -y*t = 3*s - t - 119, -4*s - 2*t + 160 = 0. What is the tens digit of s?
4
Suppose 5 = 3*v + 5*h - 1, -4*v - 5*h + 8 = 0. Suppose v*z - z = 22. What is the tens digit of z?
2
Suppose -5*t + 0*l = -l - 440, 0 = -2*t - 5*l + 176. What is the tens digit of t?
8
What is the tens digit of 29 - -52 - 0/2?
8
What is the units digit of (-133)/(-2) - (4 + (-35)/10)?
6
Let a(n) = n**2 - 14*n - 2. Let o be a(14). What is the tens digit of (-3 - o) + 24 + 2?
2
Suppose -17 - 34 = -k. What is the units digit of k?
1
Let d be 2 + (-1 + 4)*-1. Let r = 4 + d. Suppose 4*x + 22 = -5*y + 140, 3*y = -r*x + 72. What is the units digit of y?
2
Suppose -104 = -2*a + 100. What is the tens digit of a?
0
Suppose 0 = 3*b - 4*n + 16, 1 - 9 = 4*b - 2*n. Let z = 7 - 5. Suppose r = -b*r + z. What is the units digit of r?
2
Suppose -5*p + 3*p + 18 = 0. Let w(u) = 1 - u + p*u - 1. What is the units digit of w(1)?
8
Let h(u) = u**3 - u**2 - u + 2. Suppose 2*a + a - 6 = 0. What is the units digit of h(a)?
4
What is the tens digit of 6/36 - (-383)/6?
6
Let r = 73 + -51. Let f = 36 - r. What is the units digit of f?
4
Suppose 3*q + l = 0, -5*q + 2*l - 8 = 3. Let v be 3*(-28)/(-6)*q. Let j = v + 21. What is the units digit of j?
7
Let j be (-5 - -3) + 8 - 2. Suppose -3*p = -j*a - p + 18, 1 = -2*a - p. Let w(k) = -k + 3. What is the units digit of w(a)?
1
Let z(h) = h**3 - 9*h**2 + 9*h + 4. Let q be z(7). Let t = -14 - q. What is the tens digit of t?
1
Let y(r) be the third derivative of r**6/40 + r**5/30 + 7*r**2. What is the units digit of y(2)?
2
Suppose -3*q + 2 = 20. Let z(c) = c**2 + 6*c + 1. Let d be z(q). Let m = 7 - d. What is the units digit of m?
6
Let h be (2/2)/((-6)/(-132)). Suppose -25 = -5*d - 4*y, 2*d - 4*y - h = -8*y. What is the units digit of d?
1
Suppose 3 + 5 = 2*t + 3*a, t - 9 = -4*a. Suppose t - 3 = -2*i. What is the units digit of (0 - 6)/(-3 + i)?
3
Let v = -6 - -8. Let m be 4 + (v - 9/3). Suppose -m*b + 72 = o - 4*o, 3*b - 70 = 2*o. What is the tens digit of b?
2
What is the hundreds digit of (-362 - 8)*1/(-2)*1?
1
Suppose 0 = -17*j + 23*j - 858. What is the units digit of j?
3
What is the tens digit of ((-1)/(-2))/((-16)/(-3360))?
0
Suppose -3*a - 2*w + 160 = 0, 56 = 2*a - a - 2*w. What is the tens digit of a?
5
Let b(v) = -v**3 - 8*v**2 - 6*v + 7. Let i be b(-7). Suppose i = 4*x + 8 - 0. Let m = 3 + x. What is the units digit of m?
1
Suppose 2*p = 3*m + 7 - 2, 4*m = p. Let t(x) = -3*x + 1. Let s be t(m). What is the units digit of (2 - 2)/s + 11?
1
Suppose 3 = -2*r + 11. Suppose -3 = 5*s - r*t, 0*s + 2 = -4*s + 3*t. Suppose -3*o - 5*m + s + 6 = 0, m = -3*o + 11. What is the units digit of o?
4
Suppose -5*a + 5*w - w = -968, -4*a + 766 = w. What is the hundreds digit of a?
1
Let o(d) = d**2. Suppose -2*f - 2*f = -8. Let y be o(f). Let n = y - 2. What is the units digit of n?
2
Suppose -q = q + 22. Let i be 3/12 - q/4. Suppose l + 4*l = -2*t, 4*l + 23 = i*t. What is the units digit of t?
5
Suppose m - 42 = 3*u, 3*u + 74 = 2*m - u. What is the units digit of m?
7
Let m(h) = -1 + h - h - 2*h - 6*h**2. Let p be m(2). Let q = p - -42. What is the tens digit of q?
1
Suppose -i - 3*t = -27, t = i - 0*i - 47. What is the units digit of i?
2
Let l = -30 - -106. Suppose 3*x = l + 32. What is the tens digit of x?
3
Let d(t) = -2*t - 18. What is the tens digit of d(-14)?
1
Let d(t) = -t**3 + 3. Suppose -2*x = 0, -m - 2*m - 3*x + 15 = 0. Let k(n) = -n**2 - n. Let r(w) = m*k(w) - d(w). What is the units digit of r(6)?
3
Let a be (11/3)/(1/(-3)). Let u(j) = j**3 + 11*j**2 - j - 8. What is the units digit of u(a)?
3
Let c(n) = n - 5. Let f be c(8). Suppose 0*p - p - 61 = -f*j, -73 = -3*j + 4*p. What is the tens digit of j?
1
Let c be 6/2 + -1 + 0. Suppose 4*b + c*w + 13 = 63, -3*w = 3*b - 30. What is the units digit of b?
5
Let o be -3*3/((-18)/46). Suppose -y = 1 - o. Let x = -14 + y. What is the units digit of x?
8
Let w(n) = -2*n**3 + 2*n. Let h(z) = -4*z**3 + 4*z. Suppose 2*g - 6*g - 28 = 0. Let r(j) = g*w(j) + 4*h(j). What is the tens digit of r(-2)?
1
Suppose -25 = -5*r, q + 4*r - 30 = -6. Let p(o) = q*o - 2*o + 1 - 4*o + o. What is the units digit of p(-1)?
2
Suppose 2*l = 3*l + 1. What is the units digit of (-30)/(-1)*1 + l?
9
Let z(s) = -s**3 - 10*s**2 + 9*s + 1. What is the tens digit of z(-11)?
2
Suppose -3*h + 3*u = -9, -4*u - 13 = -4*h + u. Let i be -6*5*(-1)/h. What is the units digit of i/1*(-10)/(-25)?
6
Suppose -c = 3*c + l - 113, -c = -3*l - 25. What is the tens digit of c?
2
Let h(r) = 0*r + 8 - r + 2*r. Let y be h(-10). What is the units digit of y*(-3)/(-12)*-34?
7
Let b(n) = n**2 + n + 8. Let r(t) = -t**3 - 7*t**2 - 6*t. Let a be r(-6). Let m be b(a). What is the units digit of m/(-44) + 136/22?
6
Let j(v) = -v**2 - 2*v. Let w be j(-6). What is the units digit of 3/((-9)/w) - -2?
0
Suppose -15 = -0*u + u. Let q = 6 - u. What is the units digit of q?
1
Suppose -28*r + 26*r = -322. What is the hundreds digit of r?
1
Suppose f = 3*f. Suppose 3*g - m - 16 = f, 3*m + 0*m = -3. What is the units digit of g?
5
Suppose -2*y + 27 = y. Let x(t) = 3*t + 17. What is the tens digit of x(y)?
4
Suppose 235 = -0*f + 3*f - 5*t, -2*t - 79 = -f. What is the tens digit of f?
7
Suppose -5*q + 0*q - 90 = 0. Let k = 27 + q. What is the units digit of k?
9
Let f(v) = -v**2 + 5*v + 3. Let b be f(5). Suppose -5*l + 40 = -b*i, -26 = -3*l + 2*i - 2. What is the units digit of l?
8
Let v be (2 - 2)*(-1)/(-2). Let w be 3 - (2 + 3/3). Suppose w = -4*o + 12 - v. What is the units digit of o?
3
Let t(a) = 16*a. Let c = -1 + 3. Let p be t(c). Suppose 3*s - p = -5. What is the units digit of s?
9
Suppose -4*j + 8 - 64 = 0. What is the tens digit of (-6)/21 - 144/j?
1
Let q be 0/(-2)*3/(-6). Suppose q*l - l = 6. Let u = -5 - l. What is the units digit of u?
1
Suppose -k + 957 = 3*s + 2*s, 3*s - 577 = -2*k. What is the tens digit of s?
9
Let v(p) be the third derivative of -p**6/120 + 3*p**5/20 - p**4/3 + 4*p**3/3 + 2*p**2. Let a be v(8). Let j = a - 0. What is the units digit of j?
8
Let